{"id":243,"date":"2019-06-10T20:21:52","date_gmt":"2019-06-10T20:21:52","guid":{"rendered":"http:\/\/elektronik.nazwa.pl\/wp_new\/?page_id=243"},"modified":"2019-06-19T13:20:04","modified_gmt":"2019-06-19T13:20:04","slug":"zapytanie-ofertowe-organizacja-i-przeprowadzenie-grupowych-warsztatow-i-treningow-dla-uczestnikow-projektu-uwierz-w-siebie-zyj-aktywnie","status":"publish","type":"page","link":"https:\/\/zlotyops.pl\/?page_id=243","title":{"rendered":"Zapytanie ofertowe &#8211;  Organizacja i  przeprowadzenie grupowych warsztat\u00f3w i trening\u00f3w dla uczestnik\u00f3w projektu &#8222;Uwierz w siebie &#8211; \u017cyj aktywnie&#8221;"},"content":{"rendered":"<p>\n<!--StartFragment--><\/p>\n\n\n<h1 class=\"wp-block-heading\">ZAPYTANIE OFERTOWE<\/h1>\n\n\n\n<p>Organizacja i przeprowadzenie grupowych warsztat\u00f3w i trening\u00f3w dla uczestnik\u00f3w projektu &#8222;Uwierz w siebie &#8211; \u017cyj aktywnie&#8221; realizowanego przez O\u015brodek Pomocy Spo\u0142ecznej w Z\u0142otym Stok.<\/p>\n\n\n\n<div class=\"wp-block-file\"><a href=\"http:\/\/elektronik.nazwa.pl\/wp_new\/wp-content\/uploads\/2019\/06\/Scan10062019145005.pdf\">Zapytanie ofertowe:<\/a><a href=\"http:\/\/elektronik.nazwa.pl\/wp_new\/wp-content\/uploads\/2019\/06\/Scan10062019145005.pdf\" class=\"wp-block-file__button\" download>Pobierz<\/a><\/div>\n\n\n\n<div class=\"wp-block-file\"><a href=\"http:\/\/elektronik.nazwa.pl\/wp_new\/wp-content\/uploads\/2019\/06\/Scan_19062019135925.pdf\">Wyniki: <\/a><a href=\"http:\/\/elektronik.nazwa.pl\/wp_new\/wp-content\/uploads\/2019\/06\/Scan_19062019135925.pdf\" class=\"wp-block-file__button\" download>Pobierz<\/a><\/div>\n","protected":false},"excerpt":{"rendered":"<p>ZAPYTANIE OFERTOWE Organizacja i przeprowadzenie grupowych warsztat\u00f3w i trening\u00f3w dla uczestnik\u00f3w projektu &#8222;Uwierz w siebie &#8211; \u017cyj aktywnie&#8221; realizowanego przez O\u015brodek Pomocy Spo\u0142ecznej w Z\u0142otym Stok.<\/p>\n","protected":false},"author":1,"featured_media":0,"parent":0,"menu_order":0,"comment_status":"closed","ping_status":"closed","template":"","meta":{"footnotes":""},"class_list":["post-243","page","type-page","status-publish","hentry"],"_links":{"self":[{"href":"https:\/\/zlotyops.pl\/index.php?rest_route=\/wp\/v2\/pages\/243","targetHints":{"allow":["GET"]}}],"collection":[{"href":"https:\/\/zlotyops.pl\/index.php?rest_route=\/wp\/v2\/pages"}],"about":[{"href":"https:\/\/zlotyops.pl\/index.php?rest_route=\/wp\/v2\/types\/page"}],"author":[{"embeddable":true,"href":"https:\/\/zlotyops.pl\/index.php?rest_route=\/wp\/v2\/users\/1"}],"replies":[{"embeddable":true,"href":"https:\/\/zlotyops.pl\/index.php?rest_route=%2Fwp%2Fv2%2Fcomments&post=243"}],"version-history":[{"count":2,"href":"https:\/\/zlotyops.pl\/index.php?rest_route=\/wp\/v2\/pages\/243\/revisions"}],"predecessor-version":[{"id":252,"href":"https:\/\/zlotyops.pl\/index.php?rest_route=\/wp\/v2\/pages\/243\/revisions\/252"}],"wp:attachment":[{"href":"https:\/\/zlotyops.pl\/index.php?rest_route=%2Fwp%2Fv2%2Fmedia&parent=243"}],"curies":[{"name":"wp","href":"https:\/\/api.w.org\/{rel}","templated":true}]}}