{"id":395,"date":"2020-12-21T16:55:29","date_gmt":"2020-12-21T16:55:29","guid":{"rendered":"http:\/\/elektronik.nazwa.pl\/wp_new\/?page_id=395"},"modified":"2020-12-29T18:12:04","modified_gmt":"2020-12-29T18:12:04","slug":"zapytanie-ofertowe-dozywianie-doroslych-mieszkancow-gminy-zloty-stok-w-2021-roku","status":"publish","type":"page","link":"https:\/\/zlotyops.pl\/?page_id=395","title":{"rendered":"Zapytanie ofertowe: Do\u017cywianie doros\u0142ych mieszka\u0144c\u00f3w gminy Z\u0142oty Stok w 2021 roku."},"content":{"rendered":"\n<div class=\"wp-block-file\"><a href=\"http:\/\/elektronik.nazwa.pl\/wp_new\/wp-content\/uploads\/2020\/12\/zapytanie-do\u017cywianie.pdf\">Zapytanie ofertowe<\/a><a href=\"http:\/\/elektronik.nazwa.pl\/wp_new\/wp-content\/uploads\/2020\/12\/zapytanie-do\u017cywianie.pdf\" class=\"wp-block-file__button\" download>Pobierz<\/a><\/div>\n\n\n\n<div class=\"wp-block-file\"><a href=\"http:\/\/elektronik.nazwa.pl\/wp_new\/wp-content\/uploads\/2020\/12\/Za\u0142\u0105cznik-nr-11.docx\">Za\u0142\u0105cznik nr 1<\/a><a href=\"http:\/\/elektronik.nazwa.pl\/wp_new\/wp-content\/uploads\/2020\/12\/Za\u0142\u0105cznik-nr-11.docx\" class=\"wp-block-file__button\" download>Pobierz<\/a><\/div>\n\n\n\n<div class=\"wp-block-file\"><a href=\"http:\/\/elektronik.nazwa.pl\/wp_new\/wp-content\/uploads\/2020\/12\/za\u0142\u0105cznik-nr-2.docx\">Za\u0142\u0105cznik nr 2<\/a><a href=\"http:\/\/elektronik.nazwa.pl\/wp_new\/wp-content\/uploads\/2020\/12\/za\u0142\u0105cznik-nr-2.docx\" class=\"wp-block-file__button\" download>Pobierz<\/a><\/div>\n\n\n\n<div class=\"wp-block-file\"><a href=\"http:\/\/elektronik.nazwa.pl\/wp_new\/wp-content\/uploads\/2020\/12\/Xerox-Scan_29122020120454.pdf\">Informacja o rozstrzygni\u0119ciu<\/a><a href=\"http:\/\/elektronik.nazwa.pl\/wp_new\/wp-content\/uploads\/2020\/12\/Xerox-Scan_29122020120454.pdf\" class=\"wp-block-file__button\" download>Pobierz<\/a><\/div>\n","protected":false},"excerpt":{"rendered":"","protected":false},"author":1,"featured_media":0,"parent":0,"menu_order":0,"comment_status":"closed","ping_status":"closed","template":"","meta":{"footnotes":""},"class_list":["post-395","page","type-page","status-publish","hentry"],"_links":{"self":[{"href":"https:\/\/zlotyops.pl\/index.php?rest_route=\/wp\/v2\/pages\/395","targetHints":{"allow":["GET"]}}],"collection":[{"href":"https:\/\/zlotyops.pl\/index.php?rest_route=\/wp\/v2\/pages"}],"about":[{"href":"https:\/\/zlotyops.pl\/index.php?rest_route=\/wp\/v2\/types\/page"}],"author":[{"embeddable":true,"href":"https:\/\/zlotyops.pl\/index.php?rest_route=\/wp\/v2\/users\/1"}],"replies":[{"embeddable":true,"href":"https:\/\/zlotyops.pl\/index.php?rest_route=%2Fwp%2Fv2%2Fcomments&post=395"}],"version-history":[{"count":2,"href":"https:\/\/zlotyops.pl\/index.php?rest_route=\/wp\/v2\/pages\/395\/revisions"}],"predecessor-version":[{"id":405,"href":"https:\/\/zlotyops.pl\/index.php?rest_route=\/wp\/v2\/pages\/395\/revisions\/405"}],"wp:attachment":[{"href":"https:\/\/zlotyops.pl\/index.php?rest_route=%2Fwp%2Fv2%2Fmedia&parent=395"}],"curies":[{"name":"wp","href":"https:\/\/api.w.org\/{rel}","templated":true}]}}