{"id":657,"date":"2023-08-25T19:06:20","date_gmt":"2023-08-25T19:06:20","guid":{"rendered":"http:\/\/elektronik.nazwa.pl\/wp_new\/?page_id=657"},"modified":"2023-08-25T19:06:20","modified_gmt":"2023-08-25T19:06:20","slug":"informacja-o-przetwarzaniu-danych-osobowych-zgodnie-z-artykulem-13-rodo","status":"publish","type":"page","link":"https:\/\/zlotyops.pl\/?page_id=657","title":{"rendered":"Informacja o przetwarzaniu danych osobowych zgodnie z Artyku\u0142em 13 RODO"},"content":{"rendered":"<p>Na podstawie art. 13 ust. 1 i 2 Rozporz\u0105dzenia Parlamentu Europejskiego i Rady (UE) 2016\/679 z dnia 27 kwietnia 2016 r. w sprawie ochrony os\u00f3b fizycznych w zwi\u0105zku z przetwarzaniem danych osobowych i w sprawie swobodnego przep\u0142ywu takich danych oraz uchylenia dyrektywy 95\/46\/WE (dalej jako &#8222;RODO&#8221;), niniejszym informujemy o zasadach przetwarzania Pani\/Pana danych osobowych oraz o prawach, kt\u00f3re przys\u0142uguj\u0105 Pani\/Panu w zwi\u0105zku z tym przetwarzaniem.<\/p>\n<p><strong><em>\u00a0<\/em><\/strong><\/p>\n<ol>\n<li><strong><em> Administrator Danych Osobowych<\/em><\/strong><\/li>\n<\/ol>\n<p>Administratorem Pani\/Pana danych osobowych jest O\u015brodek Pomocy Spo\u0142ecznej w Z\u0142otym Stoku, z siedzib\u0105 przy pl. Adama Mickiewicza 1, 57-250 Z\u0142oty Stok. Kontakt z Administratorem jest mo\u017cliwy pod adresem elektronicznym: ops@zlotyops.pl oraz numerem telefonu: 74 817 52 88.<\/p>\n<ol start=\"2\">\n<li><strong><em> Inspektor Ochrony Danych <\/em><\/strong><\/li>\n<\/ol>\n<p>W sprawach zwi\u0105zanych z ochron\u0105 Pani\/Pana danych osobowych, Administrator wyznaczy\u0142 Inspektora Ochrony Danych, z kt\u00f3rym mo\u017cna si\u0119 skontaktowa\u0107 poprzez adres e-mail: iod@zlotyops.pl.<\/p>\n<ol start=\"3\">\n<li><strong><em> Cele i podstawy prawne przetwarzania<\/em><\/strong><\/li>\n<\/ol>\n<p>Administrator przetwarza Pani\/Pana dane osobowe w celu realizacji obowi\u0105zk\u00f3w ustawowych ci\u0105\u017c\u0105cych na Administratorze, wynikaj\u0105cych w szczeg\u00f3lno\u015bci z ustawy o pomocy spo\u0142ecznej oraz innych akt\u00f3w prawnych zwi\u0105zanych z dzia\u0142alno\u015bci\u0105 O\u015brodka. Przetwarzanie odbywa si\u0119 na podstawie art. 6 ust. 1 lit. c RODO.<\/p>\n<ol start=\"4\">\n<li><strong><em> Odbiorcy danych osobowych<\/em><\/strong><\/li>\n<\/ol>\n<p>Odbiorcami Pani\/Pana danych osobowych mog\u0105 by\u0107 podmioty, kt\u00f3re przetwarzaj\u0105 dane na zlecenie Administratora, w tym podmioty \u015bwiadcz\u0105ce us\u0142ugi informatyczne, prawne, audytowe, a tak\u017ce organy w\u0142adzy publicznej uprawnione do uzyskania dost\u0119pu do danych na podstawie obowi\u0105zuj\u0105cego prawa.<\/p>\n<ol start=\"5\">\n<li><strong><em> Okres przechowywania danych <\/em><\/strong><\/li>\n<\/ol>\n<p>Pani\/Pana dane osobowe b\u0119d\u0105 przechowywane przez okres niezb\u0119dny do realizacji cel\u00f3w, dla kt\u00f3rych zosta\u0142y zebrane, a po ich realizacji przez czas wymagany przez przepisy prawa, w tym przepisy dotycz\u0105ce archiwizacji dokumentacji.<\/p>\n<ol start=\"6\">\n<li><strong><em> Prawa os\u00f3b, kt\u00f3rych dane dotycz\u0105<\/em><\/strong><\/li>\n<\/ol>\n<p>Przys\u0142uguje Pani\/Panu prawo dost\u0119pu do tre\u015bci swoich danych, ich sprostowania, usuni\u0119cia, ograniczenia przetwarzania, prawo do przenoszenia danych, prawo wniesienia sprzeciwu wobec przetwarzania, a tak\u017ce prawo wniesienia skargi do Prezesa Urz\u0119du Ochrony Danych Osobowych, je\u017celi uzna Pani\/Pan, \u017ce przetwarzanie Pani\/Pana danych osobowych przez Administratora narusza przepisy RODO.<\/p>\n<ol start=\"7\">\n<li><strong><em> Informacja o wymogu\/dobrowolno\u015bci podania danych<\/em><\/strong><\/li>\n<\/ol>\n<p>Podanie przez Pani\u0105\/Pana danych osobowych jest dobrowolne, jednak\u017ce niezb\u0119dne do realizacji zada\u0144 statutowych przez Administratora. Niepodanie danych mo\u017ce skutkowa\u0107 niemo\u017cno\u015bci\u0105 realizacji tych zada\u0144 w stosunku do Pani\/Pana.<\/p>\n<ol start=\"8\">\n<li><strong><em> Zautomatyzowane podejmowanie decyzji oraz profilowanie<\/em><\/strong><\/li>\n<\/ol>\n<p>Pani\/Pana dane osobowe nie b\u0119d\u0105 podlega\u0142y zautomatyzowanemu podejmowaniu decyzji, w tym profilowaniu.<\/p>\n","protected":false},"excerpt":{"rendered":"<p>Na podstawie art. 13 ust. 1 i 2 Rozporz\u0105dzenia Parlamentu Europejskiego i Rady (UE) 2016\/679 z dnia 27 kwietnia 2016 r. w sprawie ochrony os\u00f3b fizycznych w zwi\u0105zku z przetwarzaniem danych osobowych i w sprawie swobodnego przep\u0142ywu takich danych oraz uchylenia dyrektywy 95\/46\/WE (dalej jako &#8222;RODO&#8221;), niniejszym informujemy o zasadach przetwarzania Pani\/Pana danych osobowych oraz [&hellip;]<\/p>\n","protected":false},"author":1,"featured_media":0,"parent":19,"menu_order":0,"comment_status":"closed","ping_status":"closed","template":"","meta":{"footnotes":""},"class_list":["post-657","page","type-page","status-publish","hentry"],"_links":{"self":[{"href":"https:\/\/zlotyops.pl\/index.php?rest_route=\/wp\/v2\/pages\/657","targetHints":{"allow":["GET"]}}],"collection":[{"href":"https:\/\/zlotyops.pl\/index.php?rest_route=\/wp\/v2\/pages"}],"about":[{"href":"https:\/\/zlotyops.pl\/index.php?rest_route=\/wp\/v2\/types\/page"}],"author":[{"embeddable":true,"href":"https:\/\/zlotyops.pl\/index.php?rest_route=\/wp\/v2\/users\/1"}],"replies":[{"embeddable":true,"href":"https:\/\/zlotyops.pl\/index.php?rest_route=%2Fwp%2Fv2%2Fcomments&post=657"}],"version-history":[{"count":1,"href":"https:\/\/zlotyops.pl\/index.php?rest_route=\/wp\/v2\/pages\/657\/revisions"}],"predecessor-version":[{"id":658,"href":"https:\/\/zlotyops.pl\/index.php?rest_route=\/wp\/v2\/pages\/657\/revisions\/658"}],"up":[{"embeddable":true,"href":"https:\/\/zlotyops.pl\/index.php?rest_route=\/wp\/v2\/pages\/19"}],"wp:attachment":[{"href":"https:\/\/zlotyops.pl\/index.php?rest_route=%2Fwp%2Fv2%2Fmedia&parent=657"}],"curies":[{"name":"wp","href":"https:\/\/api.w.org\/{rel}","templated":true}]}}