{"id":741,"date":"2025-12-10T17:45:53","date_gmt":"2025-12-10T17:45:53","guid":{"rendered":"https:\/\/zlotyops.pl\/?page_id=741"},"modified":"2025-12-10T17:45:53","modified_gmt":"2025-12-10T17:45:53","slug":"zapytanie-ofertowe-swiadczenie-uslug-opiekunczych-oraz-specjalistycznych-uslug-opiekunczych-dla-osob-z-zaburzeniami-psychicznymi-w-roku-2026","status":"publish","type":"page","link":"https:\/\/zlotyops.pl\/?page_id=741","title":{"rendered":"Zapytanie ofertowe \u015awiadczenie us\u0142ug opieku\u0144czych oraz specjalistycznych us\u0142ug opieku\u0144czych dla os\u00f3b z zaburzeniami psychicznymi w roku 2026"},"content":{"rendered":"<h1><a href=\"http:\/\/www.opszlotystok.biuletyn.net.pl\/bip-strona-171-zapytanieofertowe%C5%9Awiadczenieuslugopiekunczychoraz.apytanieofertowe%C5%9Awiadczenieuslugopiekunczychorazspecjalistycznychuslugopiekunczychdlaosobzzaburzeniamipsychicznymiwroku2026.html\">Zapytanie ofertowe \u015awiadczenie us\u0142ug opieku\u0144czych oraz specjalistycznych us\u0142ug opieku\u0144czych dla os\u00f3b z zaburzeniami psychicznymi realizowanych w miejscu zamieszkania klient\u00f3w O\u015brodka Pomocy Spo\u0142ecznej w Z\u0142otym Stoku w roku 2026<\/a><\/h1>\n<p>&nbsp;<\/p>\n","protected":false},"excerpt":{"rendered":"<p>Zapytanie ofertowe \u015awiadczenie us\u0142ug opieku\u0144czych oraz specjalistycznych us\u0142ug opieku\u0144czych dla os\u00f3b z zaburzeniami psychicznymi realizowanych w miejscu zamieszkania klient\u00f3w O\u015brodka Pomocy Spo\u0142ecznej w Z\u0142otym Stoku w roku 2026 &nbsp;<\/p>\n","protected":false},"author":1,"featured_media":0,"parent":0,"menu_order":0,"comment_status":"closed","ping_status":"closed","template":"","meta":{"footnotes":""},"class_list":["post-741","page","type-page","status-publish","hentry"],"_links":{"self":[{"href":"https:\/\/zlotyops.pl\/index.php?rest_route=\/wp\/v2\/pages\/741","targetHints":{"allow":["GET"]}}],"collection":[{"href":"https:\/\/zlotyops.pl\/index.php?rest_route=\/wp\/v2\/pages"}],"about":[{"href":"https:\/\/zlotyops.pl\/index.php?rest_route=\/wp\/v2\/types\/page"}],"author":[{"embeddable":true,"href":"https:\/\/zlotyops.pl\/index.php?rest_route=\/wp\/v2\/users\/1"}],"replies":[{"embeddable":true,"href":"https:\/\/zlotyops.pl\/index.php?rest_route=%2Fwp%2Fv2%2Fcomments&post=741"}],"version-history":[{"count":1,"href":"https:\/\/zlotyops.pl\/index.php?rest_route=\/wp\/v2\/pages\/741\/revisions"}],"predecessor-version":[{"id":743,"href":"https:\/\/zlotyops.pl\/index.php?rest_route=\/wp\/v2\/pages\/741\/revisions\/743"}],"wp:attachment":[{"href":"https:\/\/zlotyops.pl\/index.php?rest_route=%2Fwp%2Fv2%2Fmedia&parent=741"}],"curies":[{"name":"wp","href":"https:\/\/api.w.org\/{rel}","templated":true}]}}